be (-12)/z*(-8)/6. Suppose 0*a + i = a. What is the units digit of a?
4
Let c(n) = -n**2 + 9*n - 2. Let o be (-4)/(-4) - (-8 + 1). Let a be c(o). What is the units digit of a + 0 + 3 + -4?
5
Let l be 4 - (119 + 1)/(-4). What is the tens digit of 1152/l - 14/(-119)?
3
Let m be (-2)/5 - 544/(-10). Let i be (19 - 20)*(-1 + (-1 - 0)). Suppose -5*s = i*f - 19, 0 = f + 2*f - s - m. What is the tens digit of f?
1
Suppose 0 = c, c = -5*o - 3*c + 15. Suppose -z - 2*z - 28 = 2*y, 6 = -o*z. What is the units digit of (-4)/22 + (-90)/y?
8
What is the units digit of (-30)/10*(-3)/1?
9
Let o be 1 + 2 - (0 - 0). Suppose 4*z - 30 = -3*y, 4*y + 5*z + 1 = o*y. What is the tens digit of y?
1
Let o be (-2)/(-2)*(-35)/(-7). Suppose 2*h + 2*p - 7 = 7, -o*h + 23 = 2*p. Let y = h + -2. What is the units digit of y?
1
Suppose q + 5*y = 39, -2*y - y = -2*q + 52. What is the tens digit of q?
2
Let j = -5 + 8. Let b = -1 - j. What is the units digit of 1/(-2) + (-22)/b?
5
Let j be 6 - (2 + (-2 - 0)). Suppose -3*m + f = -25 - j, -3*m = 3*f - 15. What is the units digit of m?
9
Let j(k) = 7*k**2 - k - 4. What is the units digit of j(4)?
4
Let w = 10 - 8. Suppose z + a = -z + 3, w*z - 12 = 2*a. Suppose -5*y + z = -17. What is the units digit of y?
4
Let h(x) = 3*x + 4. Let i = -9 - -13. What is the tens digit of h(i)?
1
Let f(z) be the second derivative of 0 - 2*z**2 - 5/6*z**3 - 3*z. What is the tens digit of f(-3)?
1
Let j(b) = b**3 + 2*b**2. Let o be j(-2). Suppose o*i = -2*i + 16. What is the units digit of i?
8
Let g(w) = w**2 + w - 3. Let v be g(-5). Suppose -u + 18 = 3*y, 5*u + 13 = 5*y - v. Suppose -4*j + f - 7 = -y*j, 5*j = 5*f + 25. What is the units digit of j?
4
Suppose 0*o - 2*o + 37 = r, -5*r - 2*o + 209 = 0. What is the tens digit of r?
4
Let p(j) = -j**3 + j. Let o(n) = -n**2 - 3*n. Let c be o(-3). Let i be p(c). What is the units digit of (-8)/(-3)*(i + 3)?
8
Let x = 338 - 171. What is the hundreds digit of x?
1
Suppose -2*x = -262 + 106. Suppose x = 5*g - 2*g. What is the units digit of (-1)/(-4)*g*2?
3
Let p = -20 + 6. What is the tens digit of 0 - 9/(-3) - p?
1
Let w(v) = -3*v**2 + 2*v - 1. Let l be w(1). Let s = 3 - l. What is the units digit of s?
5
Suppose 23 = y - 41. Let q = y + -37. What is the units digit of q?
7
Let j = -10 - -14. Suppose 12 = j*c - 4*t, 0*c = 5*c - 3*t - 13. Suppose -w + c = -6. What is the units digit of w?
8
Suppose -2*h = -5*b + 1155, 0 = 4*b + h - 519 - 418. What is the hundreds digit of b?
2
What is the units digit of (-3)/((-3)/2) + (155 - 3)?
4
Suppose 9*r = 4*r. Suppose r = 5*b - 3*z - 27, b - 4 + 0 = 2*z. What is the units digit of b?
6
What is the units digit of 1/4 - 1135/(-20)?
7
Suppose 4*g + 3 = 11. What is the units digit of (15/6 - g)*14?
7
Let s = 4 - 8. Let y = 4 - s. What is the units digit of y?
8
Let h(x) = x**3 - 4*x**2 - 2*x + 2. What is the tens digit of h(5)?
1
Let p(t) = -t + 7. Let x be ((-3)/3 + 1)/1. What is the units digit of p(x)?
7
What is the units digit of 2/9 - (0 - 484/9)?
4
Suppose -27 = -m + 22. What is the units digit of m?
9
Suppose 72 + 18 = 3*s. Suppose 0 = 3*r - 3*x, -5*x + 4 = -4*r - 0. What is the units digit of 1/r - s/(-8)?
4
Let l(t) = -t**2 + 6*t - 7. Let k be l(5). Let u be 4 + -2 + 0 + k. Suppose u = p + 6 - 16. What is the tens digit of p?
1
Let j(s) = -s**3 + 25*s**2 - 17*s - 81. What is the units digit of j(24)?
7
Let n(k) = 2*k**3 + 15*k - 10. What is the hundreds digit of n(4)?
1
Suppose 4*g + 2 = 5*g. Let v(x) = -x + 1. Let u be v(-3). Suppose u*q - 12 = g*l, 4*q - 5*l = -0*l. What is the units digit of q?
5
Let n be 15/(-45) + (-776)/(-6). Suppose 6 - n = -3*w. What is the tens digit of w?
4
Let d(n) = -n**2 - 4*n + 5. Let m(y) = -y**2 + 4*y + 7. Let a be m(5). Suppose 0 + 3 = -j, 0 = -u + a*j + 2. What is the units digit of d(u)?
5
Let k(v) = v**2 - 6*v - 3. Let s be k(9). Let j = s + -3. What is the tens digit of j?
2
Suppose -11 = -2*i - 5*j + 134, -3*i + 4*j + 206 = 0. What is the tens digit of i/4 - (-4)/(-8)?
1
Suppose -3*u + 3*r = 5*r - 2, 5*u - 5*r - 45 = 0. Let w = u - 4. Suppose a = -w*a + 9. What is the units digit of a?
9
Suppose -5*b - 30 = 5*u, -u - 5 = -0*u + 2*b. Let m(f) = f**2 + 4*f - 16. What is the units digit of m(u)?
5
Let x be ((-14)/(-21))/(4/(-6)). Let z be x/(((-10)/12)/5). What is the tens digit of z/12 - (-21)/2?
1
Let n = -7 - -8. What is the tens digit of 13 - (n + 1 - 0)?
1
Let j(q) = -q + 4. Let l be j(2). Suppose 91 = l*x + x - m, 2*m = x - 22. What is the units digit of x?
2
Suppose 3*f + 42 = 2*r + 2, f = -3*r + 82. What is the units digit of r?
6
Let a(g) = g + 5. Let c(y) = -y**2 + 2*y. Let h be c(3). Let d be 0*(h + 1)/4. What is the units digit of a(d)?
5
Suppose -2*q + 25 - 5 = 0. Suppose -3*k + 5*o = 2*k + 10, -5*k + o = -q. What is the units digit of 4*1/2 + k?
5
Suppose 0 = -6*q + 75 + 267. What is the units digit of q?
7
Suppose m + 5 = 2*l - 0, 5 = -5*m. Suppose j + 2*y = -l*y + 9, 5*j + 2*y = 63. What is the tens digit of j?
1
Suppose 10*h = 7*h. Suppose h*z + 128 = 4*z. What is the units digit of z?
2
Let o = 24 - 9. Let l(m) = 2*m - 4. What is the tens digit of l(o)?
2
Let l be (-18)/8 + (-2)/(-8). Let d be (60/(-14))/(l/14). Suppose -2*a - a = -d. What is the tens digit of a?
1
Suppose -59 = -3*i + 2*i. What is the units digit of i?
9
Suppose -4 = -2*z - 12. Let m(g) = g**3. Let b(f) = -4*f**3 + 5*f**2 + 2*f - 5. Let q(u) = b(u) + 5*m(u). What is the units digit of q(z)?
3
Suppose 5*x - 20 = -4*s + 156, 0 = 2*s + 2*x - 88. What is the units digit of s?
4
Suppose -149*y = -143*y - 1548. What is the units digit of y?
8
Let f(q) = -q**2 - 11*q + 32. Let t be f(-13). Suppose -3*i - i = 0. Suppose 2*n - t = -i. What is the units digit of n?
3
Let a = -5 + 10. Suppose z + 0*q + 12 = 4*q, -4*z - 4 = -a*q. Suppose -3*b + 8*b + 4*m - 120 = 0, z*b = -m + 85. What is the units digit of b?
0
Let n(s) = s**2 + 6*s + 1. What is the units digit of n(-7)?
8
Let t = -5 + 12. What is the units digit of t?
7
Let y(v) = v + 8. Let z be y(0). Suppose 0 = 4*i + z. Let f = i + 16. What is the units digit of f?
4
Let z be ((3 - 2) + -2)*8. What is the units digit of 34 + -6*(-4)/z?
1
Suppose -3*s + s = -188. Suppose -5*r + 0 = -130. Suppose 0 = 4*v - s + r. What is the units digit of v?
7
Let p(r) = -r**3 - 4*r**2 - 2*r - 4. Let m be 10/(-3) + (-2)/3. What is the units digit of p(m)?
4
Let v = -1 + 2. Let b(s) = -v + s + 1. What is the units digit of b(5)?
5
Let o(v) = 4*v**2 - v + 1. Let u be o(1). Suppose -3*h - 4*z = -26, u*h - z - 3 = -0. Suppose 0 = d - 3, 2*l + 2*l - h*d - 22 = 0. What is the units digit of l?
7
Let w(f) = f**3 + 6*f**2 + f - 1. What is the units digit of w(-3)?
3
Let o(f) = -f**2 - 8*f - 6. Let v(r) = -16*r + 5. Let k(g) = 3*g - 1. Let l(w) = 11*k(w) + 2*v(w). Let c be l(-6). What is the units digit of o(c)?
1
Suppose 4*m = 6 - 18. Let l(w) = -4*w + 1. Let p(z) = 4*z - 1. Let j(h) = -4*l(h) - 5*p(h). What is the tens digit of j(m)?
1
Let v(w) = -w**3 + 4*w**2 + 2*w + 11. Let r be v(5). Let t be 1/(-2) - (-2)/(-4). Let o = t - r. What is the units digit of o?
3
Let l(j) = -j - 6. Let x be l(-3). Let m = 4 + x. Suppose 2*u = 1 + m. What is the units digit of u?
1
Suppose -5*t = -3*s - 15 - 14, -3*s + 4*t = 25. What is the units digit of -1 + 22/(s - -5)?
0
Suppose -2*v + 8 = -2*l, 2*v = -l + 18 + 5. What is the units digit of v?
9
Let t = -39 + 42. What is the units digit of t?
3
Suppose 1 = 3*s - 4*s. What is the units digit of (1 - 11)/(-1 + s)?
5
Let g = -4 + -1. Let n = 6 + g. What is the units digit of 1/n + (-3 - -8)?
6
Let r(b) = 23*b**2 - b. What is the units digit of r(1)?
2
Let f(b) = b**3 - b**2 - 5. Let w be f(0). Let h = 28 - w. What is the tens digit of h?
3
Let w = -23 + 85. What is the units digit of w?
2
Suppose -37 = -4*f + 5*p, -3*f + 30 = -5*p - 4. Let b = -1 + f. Suppose 2*d - 2 = 2*o, -b*o + o - 3 = -3*d. What is the units digit of d?
1
Let y(n) = n**3 - n**2 - 3*n + 1. Let x be y(3). Let b = -5 + x. Suppose -f = b*l - 20, l = f - 1 - 1. What is the units digit of l?
3
Suppose 0 = -2*y - h + 3, 9*h = 4*h - 5. What is the units digit of (-6 + -1)*-2 - y?
2
Suppose 2*u - 2*z + 0*z = -2, 3*z = 4*u + 6. Let t be (-1)/(-4) + u/(-4). What is the units digit of t/(-1 + 8/7)?
7
Let z(b) = -b - 4. Let w be z